1
Let n(i) = i**3 - 13*i**2 + 20*i + 142. Calculate n(6).
10
Let d(p) = -4*p**3 + 844*p**2 + 10*p - 2108. Give d(211).
2
Let c(a) = -2*a**3 - 41*a**2 - 55*a + 44. Calculate c(-19).
6
Let f(y) = 4*y**2 + 5*y - 56. Give f(8).
240
Let t(b) = b**2 - 33*b - 443. Determine t(-10).
-13
Let r(b) = -386*b - 6109. Determine r(-16).
67
Let o(g) = g**3 - 28*g**2 + 58*g - 33. What is o(26)?
123
Let p(r) = -13*r**2 + 51*r - 17. What is p(4)?
-21
Let a(m) = -6*m**2 + 9*m + 2. Determine a(6).
-160
Let l(s) = -s**2 + 31*s - 215. Give l(16).
25
Let a(b) = -3*b**2 - 38*b + 111. Give a(-15).
6
Let r(m) = 3*m - 87. Calculate r(-5).
-102
Let q(b) = -578*b - 16188. Determine q(-28).
-4
Let n(f) = 605*f + 5454. Calculate n(-9).
9
Let v(m) = m**3 + 22*m**2 + 17*m + 282. Calculate v(-22).
-92
Let h(r) = -211*r + 441. Give h(2).
19
Let t(x) = -1003*x + 18030. Give t(18).
-24
Let x(r) = r**3 - 12*r**2 - 156*r - 66. Calculate x(20).
14
Let j(t) = t**2 + 18*t + 44. Calculate j(-3).
-1
Let d(y) = -8*y**2 - 440*y - 5474. What is d(-19)?
-2
Let o(v) = v**3 + 21*v**2 + 82*v + 52. Calculate o(-16).
20
Let d(z) = -5*z + 1. Give d(22).
-109
Let g(u) = 11*u**2 - 33*u - 58. What is g(-2)?
52
Let z(v) = -151*v - 15978. Determine z(-106).
28
Let l(f) = 34*f + 370. Give l(-11).
-4
Let m(h) = -h**3 + 193*h**2 - 941*h + 202. Give m(188).
14
Let z(h) = 6*h**2 - 21*h - 577. Determine z(-14).
893
Let a(p) = 218*p. Give a(0).
0
Let n(p) = 16726*p - 66888. What is n(4)?
16
Let w(l) = 13*l + 48. What is w(-17)?
-173
Let z(b) = b**3 - 435*b**2 - 505*b + 30086. Determine z(436).
2
Let q(x) = -x**3 + 2*x**2 + 151*x + 233. What is q(14)?
-5
Let m(b) = 280*b**3 - 2*b**2 - 2*b - 1. Calculate m(-1).
-281
Let r(a) = 76*a + 150. Determine r(-5).
-230
Let l(w) = -57*w - 516. Calculate l(-10).
54
Let t(i) = -12*i**2 - 28*i - 104. Determine t(-8).
-648
Let s(i) = -77*i - 4923. Give s(-64).
5
Let f(x) = -2136*x + 42725. Calculate f(20).
5
Let b(d) = 2*d**2 - 94*d + 23. Determine b(48).
119
Let v(o) = 59*o**2 - 590*o - 21. What is v(10)?
-21
Let z(o) = 123*o + 112. Determine z(-1).
-11
Let m(l) = -4*l**2 + 19*l - 14. What is m(4)?
-2
Let o(l) = 10*l**2 - 19*l - 7. Determine o(0).
-7
Let n(o) = -1415*o**2 - 7073*o + 15. Give n(-5).
5
Let s(r) = -59*r - 12. What is s(5)?
-307
Let h(g) = 3100*g + 6198. Give h(-2).
-2
Let i(d) = d**3 + 83*d**2 - 166*d + 342. Give i(-85).
2
Let o(p) = 13*p - 378. Give o(29).
-1
Let a(r) = -r**3 - 23*r**2 - 131*r - 76. Calculate a(-9).
-31
Let l(y) = y**3 - 35*y**2 - 295*y + 68. Give l(42).
26
Let h(o) = -2*o**2 + 66*o - 546. Give h(18).
-6
Let b(h) = 1428*h + 27129. What is b(-19)?
-3
Let b(o) = -o**2 + 157*o - 2255. Determine b(141).
1
Let x(i) = 18*i - 895. Give x(49).
-13
Let l(g) = g**2 - 28*g + 105. What is l(24)?
9
Let o(r) = 360*r - 1443. What is o(4)?
-3
Let a(s) = s**3 - 20*s**2 + 24*s - 167. Give a(19).
-72
Let g(c) = -3*c**2 + 287. Determine g(10).
-13
Let h(x) = 2*x**3 - 19*x**2 - 44*x - 95. Give h(11).
-216
Let y(h) = -h**3 + 5*h**2 + 135*h - 891. Determine y(9).
0
Let u(k) = -5*k + 292. Determine u(60).
-8
Let m(o) = 2*o**3 - 210*o**2 - 9*o + 958. Give m(105).
13
Let a(f) = -22*f**2 - 56*f + 274. Calculate a(5).
-556
Let k(n) = -n**3 - 129*n**2 + 124*n - 788. Determine k(-130).
-8
Let f(x) = -804*x - 4887. Give f(-6).
-63
Let r(i) = i**3 + 9*i**2 + 98*i + 294. Give r(-4).
-18
Let c(x) = -x**2 - 16*x + 3453. Give c(51).
36
Let b(q) = 112*q - 3219. Determine b(29).
29
Let b(x) = -189*x - 7085. Determine b(-37).
-92
Let y(v) = 1533*v - 1527. Determine y(1).
6
Let o(n) = n**2 - 676*n - 5444. Determine o(-8).
28
Let p(m) = m**2 + 733*m + 7234. Give p(-10).
4
Let y(k) = -2*k**2 - 514*k - 10764. Determine y(-23).
0
Let s(v) = -v**3 - 20*v**2 - 80*v + 90. Determine s(-8).
-38
Let z(c) = 47*c + 347. Calculate z(-10).
-123
Let n(a) = -5*a**2 + 9*a - 16. Determine n(2).
-18
Let d(m) = 47*m**2 + 4890*m + 120. What is d(-104)?
-88
Let k(c) = c**3 - 75*c**2 + 143*c + 273. Determine k(73).
54
Let z(t) = t**3 + 92*t**2 + 41*t - 4547. Calculate z(-91).
3
Let d(k) = 3*k**3 + 20*k**2 - 16*k + 22. What is d(-8)?
-106
Let r(u) = 560*u + 29675. Give r(-53).
-5
Let o(v) = 9*v**2 - 107*v - 43. Calculate o(12).
-31
Let h(z) = 9*z**2 - 35*z + 37. What is h(1)?
11
Let r(w) = -w**3 - 79*w**2 - 157*w - 290. Give r(-77).
-59
Let g(c) = 7*c**3 - 72*c**2 + 154*c + 5. What is g(7)?
-44
Let k(g) = g**2 + 12*g - 111. Determine k(6).
-3
Let g(i) = -2*i**3 - 54*i**2 - 61*i - 1346. Determine g(-27).
301
Let z(o) = 41*o + 70. Determine z(-5).
-135
Let l(y) = -y**3 + 5*y**2 + 7*y + 19. Calculate l(6).
25
Let p(z) = -z**3 + 4*z**2 + 3*z - 1. Calculate p(2).
13
Let h(x) = -x**3 - 138*x**2 - x - 171. Give h(-138).
-33
Let s(b) = 87*b + 14. Determine s(10).
884
Let h(b) = -b**3 + 22*b**2 - 117*b + 64. Give h(14).
-6
Let s(z) = z**2 - 50*z - 199. Calculate s(44).
-463
Let y(z) = 3*z**2 + 62*z - 1489. Give y(-34).
-129
Let l(h) = 5*h + 16. Calculate l(-2).
6
Let q(y) = 3*y**2 + 14*y - 19. What is q(4)?
85
Let u(o) = -o**3 + 6*o**2 - 5*o - 10. Calculate u(5).
-10
Let o(h) = -h**2 + 7*h + 134. What is o(16)?
-10
Let a(m) = -m**2 - 11*m - 7. Give a(-8).
17
Let q(h) = 93*h + 7372. Calculate q(-79).
25
Let u(i) = i**2 + 3*i - 35. Calculate u(12).
145
Let w(b) = 168*b + 37463. Give w(-223).
-1
Let c(k) = 4*k**2 - 432*k - 2188. Give c(-5).
72
Let r(i) = -i**3 + 10*i**2 - 17*i + 7. Give r(8).
-1
Let l(d) = 3*d**2 - 175*d + 1328. What is l(8)?
120
Let z(h) = -2*h**2 + 98*h - 775. Give z(39).
5
Let n(a) = -a**2 + 11*a + 2438. What is n(55)?
18
Let l(c) = -204*c + 37325. Give l(183).
-7
Let c(n) = -n**2 + 12*n + 83. Calculate c(18).
-25
Let f(a) = 1435*a + 1707. Give f(-1).
272
Let a(c) = -10*c**3 + 60*c**2 + 6. What is a(6)?
6
Let u(y) = -y**3 - 24*y**2 - 142*y - 33. Give u(-11).
-44
Let l(z) = -2*z**3 - 27*z**2 - 8*z + 26. Calculate l(-13).
-39
Let i(r) = -1663*r + 1684. Give i(1).
21
Let x(m) = -m**3 - 46*m**2 - 95*m - 200. What is x(-44)?
108
Let i(b) = -5*b**3 - 140*b**2 + 11*b + 307. Determine i(-28).
-1
Let k(w) = -50*w - 285. Give k(-6).
15
Let w(x) = x**2 + 122*x - 430. Give w(0).
-430
Let r(d) = -2*d**2 - 80*d - 604. Determine r(-10).
-4
Let m(g) = -g**2 - 21*g - 82. Calculate m(-18).
-28
Let w(b) = b**3 - 35*b**2 + 214*b - 48. Determine w(27).
-102
Let n(h) = 3*h**2 + 73*h - 130. Determine n(-27).
86
Let k(c) = 2*c**3 + 42*c**2 + 46*c + 38. Calculate k(-20).
-82
Let y(f) = 15*f**2 - 37*f + 19. Calculate y(3).
43
Let a(o) = 88*o**2 + 2*o - 3. Calculate a(1).
87
Let g(u) = 142*u - 4808. Give g(34).
20
Let n(k) = -1015*k**2 - 30*k - 30. Give n(-1).
-1015
Let a(k) = -k**3 + 68*k**2 - 1147*k - 191. Give a(36).
-11
Let f(s) = s**2 - 54*s + 591. Determine f(15).
6
Let j(h) = 9*h - 157. Calculate j(6).
-103
Let m(s) = -2759*s - 19310. Calculate m(-7).
3
Let n(f) = -5*f**2 - f + 145. Calculate n(-8).
-167
Let b(p) = -p**3 + 9*p**2 - 87*p + 668. Determine b(8).
36
Let a(d) = -d**3 - 8*d**2 - 209*d - 1422. Determine a(-7).
-8
Let m(a) = -10*a**2 - 720*a - 3. Calculate m(-72).
-3
Let t(g) = g**2 + 335*g + 8076. What is t(-26)?
42
Let t(j) = -2*j**3 - 28*j**2 - 46*j + 61. Determine t(-12).
37
Let b(v) = -192*v + 590. Calculate b(3).
14
Let c(u) = -u**2 - 9*u + 304. Give c(14).
-18
Let o(c) = c - 129. Determine o(5).
-124
Let a(v) = 296*v + 2612. What is a(-9)?
-52
Let s(o) = o**3 - 20*o**2 - 166*o - 57. Calculate s(-6).
3
Let q(l) = 2*l**2 + 13*l + 31. Calculate q(-7).
38
Let l(f) = 15*f + 228. Determine l(-22).
-102
Let j(x) = -x**3 + 62*x**2 - 947*x + 64. Give j(35).
-6
Let l(m) = 184*m - 10858. Determine l(59).
-2
Let m(r) = r**3 + 68*r**2 - 706*r - 998. Determine m(-77).
3
Let o(v) = -2*v**2 + 33*v - 136. Calculate o(5).
-21
Let i(c) = 48*c**2 + 424*c - 65. What is i(-9)?
7
Let r(q) = -252*q + 505. Determine r(2).
1
Let a(k) = k**2 - 9*k - 4509. Give a(-63).
27
Let c(h) = h**3 - 6*h**2 + h - 56. What is c(0)?
-56
Let i(j) = -12*j**3 - 24*j**2 - 81*j - 4. Determine i(-3).
347
Let w(s) = -s**3 - 7*s**2 + 17*s + 131. Determine w(-7).
12
Let m(a) = -467*a - 8408. Give m(-18).
-2
Let f(v) = -8*v - 321. What is f(-39)?
-9
Let v(k) = -k**2 - 50*k + 389. Calculate v(-58).
-75
Let q(o) = 93*o - 5894. What is q(63)?
-35
Let f(r) = 549*r**3 - 6*r + 7. What is f(1)?
550
Let f(t) = -188*t - 85. Determine f(-4).
667
Let z(d) =